(base 5) to base 9
572
-7701 (base 8) to base 5
-112113
Convert 32110212 (base 4) to base 2.
1110010100100110
What is 30143 (base 10) in base 6?
351315
What is 7512 (base 10) in base 9?
11266
What is -72b (base 12) in base 11?
-869
Convert -166 (base 8) to base 7.
-226
Convert -2442 (base 11) to base 4.
-301320
What is 126 (base 15) in base 12?
199
-2030012 (base 4) to base 13
-4109
Convert 1a63 (base 12) to base 11.
2489
What is -2a81 (base 12) in base 15?
-172d
What is -1313 (base 4) in base 15?
-7e
What is 63a4 (base 14) in base 16?
432c
What is 1211221 (base 3) in base 4?
111010
What is -4004144 (base 5) in base 6?
-1203521
Convert -223460 (base 7) to base 6.
-503415
-353 (base 11) to base 4
-12211
59c (base 16) to base 9
1865
Convert 1013130 (base 4) to base 10.
4572
What is 24224 (base 5) in base 6?
12222
What is 1233 (base 7) in base 15?
210
Convert -2503 (base 8) to base 14.
-6c3
What is 6bb (base 14) in base 11?
100a
Convert -50c9 (base 16) to base 15.
-61db
Convert -1387 (base 9) to base 10.
-1051
3342 (base 6) to base 3
1001222
What is 132251 (base 7) in base 8?
60376
Convert 111101001 (base 3) to base 13.
458b
1453 (base 7) to base 6
2401
25a (base 13) to base 2
110011101
Convert 20078 (base 9) to base 12.
7775
Convert 10131 (base 5) to base 14.
358
130200 (base 4) to base 3
2111120
Convert 288 (base 14) to base 6.
2212
Convert 1658 (base 13) to base 15.
e8e
1ac7 (base 15) to base 16
16b4
Convert -676 (base 10) to base 14.
-364
What is 23300 (base 4) in base 15?
352
What is -1000011111011101 (base 2) in base 3?
-1202201012
Convert -3c9e (base 16) to base 7.
-63146
c5c0 (base 13) to base 12
13a05
What is -26b (base 14) in base 7?
-1264
398 (base 15) to base 6
3442
What is -1888 (base 10) in base 15?
-85d
27d1 (base 14) to base 12
40ab
2555 (base 11) to base 16
cff
What is 2114 (base 7) in base 9?
1018
Convert 7501 (base 10) to base 3.
101021211
-3323 (base 5) to base 4
-13033
What is 527 (base 8) in base 7?
1000
Convert 8ac (base 14) to base 15.
79a
-5155 (base 6) to base 12
-7bb
Convert 63066 (base 7) to base 3.
210020110
-1674 (base 10) to base 15
-769
Convert -120002 (base 3) to base 9.
-502
-112312 (base 4) to base 3
-2000011
Convert 7723 (base 11) to base 2.
10011111001101
Convert -1000022 (base 3) to base 15.
-342
306a (base 14) to base 16
2086
453 (base 6) to base 10
177
2103302 (base 4) to base 15
2c08
What is -135 (base 11) in base 2?
-10011111
What is -2444042 (base 5) in base 3?
-2101011022
-1444 (base 9) to base 4
-101011
What is -100000100110110 (base 2) in base 3?
-211220022
-101220220 (base 3) to base 12
-4736
8599 (base 13) to base 11
12a31
What is 1311 (base 12) in base 16?
87d
What is 1001100110 (base 2) in base 16?
266
Convert 1010011 (base 3) to base 15.
394
Convert -25023 (base 7) to base 15.
-1e09
What is 1000000010111001 (base 2) in base 8?
100271
Convert -2005 (base 11) to base 7.
-10530
What is 1718 (base 14) in base 7?
15031
What is -41325 (base 6) in base 13?
-2690
What is 243 (base 9) in base 11?
173
1254053 (base 6) to base 2
10000111111010001
What is 105284 (base 9) in base 11?
43311
What is -1160c (base 13) in base 4?
-13300220
What is 21 (base 13) in base 2?
11011
What is 25012 (base 6) in base 10?
3680
Convert 2203 (base 4) to base 13.
c7
What is 14cc1 (base 14) in base 6?
1040201
3536 (base 9) to base 6
20053
Convert 1145011 (base 6) to base 9.
102237
What is -1077 (base 13) in base 7?
-6456
2311203 (base 4) to base 5
332434
Convert 11311330 (base 4) to base 10.
23932
Convert -1231 (base 4) to base 12.
-91
-2444 (base 5) to base 8
-566
-3021 (base 6) to base 16
-295
What is -2000210 (base 3) in base 5?
-21404
Convert 54011 (base 6) to base 14.
2971
-400323 (base 5) to base 12
-7350
What is -670 (base 10) in base 6?
-3034
What is -455c (base 16) in base 2?
-100010101011100
What is 231 (base 8) in base 6?
413
Convert -a803 (base 11) to base 7.
-56431
What is -7404 (base 8) in base 13?
-1999
Convert 1021222 (base 3) to base 9.
1258
What is -3721 (base 9) in base 2?
-101011010101
-2104 (base 6) to base 15
-217
Convert -1243 (base 7) to base 11.
-39a
What is -44242 (base 5) in base 12?
-1940
Convert -2044 (base 9) to base 3.
-2001111
-3454 (base 6) to base 5
-11301
-2222221110 (base 3) to base 16
-e67f
57ab (base 12) to base 14
37c7
-2d5 (base 14) to base 15
-289
Convert -332 (base 8) to base 12.
-162
72461 (base 8) to base 5
1430001
-211112 (base 3) to base 7
-1526
-112110 (base 4) to base 11
-1089
Convert 9484 (base 11) to base 4.
3010023
Convert -5231 (base 9) to base 13.
-1990
6357 (base 8) to base 6
23155
What is -10239 (base 11) in base 6?
-153033
-29 (base 16) to base 7
-56
Convert -3530 (base 10) to base 13.
-17b7
What is 1030 (base 6) in base 11?
1a3
What is -90 (base 13) in base 8?
-165
What is 231330 (base 4) in base 5?
43230
472 (base 14) to base 2
1101110100
What is -2823 (base 11) in base 3?
-12000101
Convert 2634 (base 9) to base 8.
3667
211021 (base 5) to base 13
3264
What is 111010110011111 (base 2) in base 9?
45266
303434 (base 5) to base 10
9869
Convert -1210211 (base 3) to base 6.
-10034
Convert -1407 (base 10) to base 13.
-843
Convert -5b93 (base 12) to base 3.
-112011210
What is 215 (base 16) in base 4?
20111
-6d2d (base 14) to base 16
-4a6d
Convert 1000000001 (base 2) to base 10.
513
-1da (base 14) to base 2
-110000100
What is -195c6 (base 15) in base 11?
-56929
-40164 (base 8) to base 13
-7683
What is -506 (base 13) in base 8?
-1523
Convert 10330333 (base 4) to base 9.
30741
Convert 30330 (base 4) to base 6.
3500
What is 925 (base 14) in base 15?
7ec
Convert -15165 (base 7) to base 16.
-1074
What is -3d1 (base 14) in base 16?
-303
What is 1b1a (base 13) in base 11?
3079
Convert -118 (base 14) to base 8.
-332
What is 12b62 (base 12) in base 10?
25850
-1010010010010110 (base 2) to base 7
-233561
What is 1011 (base 2) in base 11?
10
What is 399 (base 12) in base 16?
225
What is -415 (base 8) in base 3?
-100222
-2519 (base 10) to base 3
-10110022
-332101 (base 4) to base 7
-14422
Convert -110222 (base 3) to base 5.
-2400
Convert -324144 (base 6) to base 13.
-c2b3
-1a (base 13) to base 15
-18
-2077 (base 10) to base 7
-6025
302 (base 13) to base 7
1325
What is -1564 (base 7) in base 8?
-1172
Convert -882 (base 10) to base 6.
-4030
-220003 (base 4) to base 16
-a03
What is 10000111101 (base 2) in base 7?
3110
1011110000 (base 2) to base 7
2123
Convert -30045 (base 8) to base 13.
-57c1
What is -156 (base 15) in base 10?
-306
-3021013 (base 4) to base 11
-9741
100001100101111 (base 2) to base 3
212121000
What is 256 (base 15) in base 6?
2243
1770 (base 9) to base 12
953
-6036 (base 8) to base 4
-300132
What is 784 (base 15) in base 7?
4645
Convert -1b4 (base 12) to base 14.
-160
c88b (base 15) to base 9
64175
Convert 15325 (base 6) to base 11.
1974
What is 100010012 (base 3) in base 9?
10105
-1010110101 (base 2) to base 14
-377
1003031 (base 4) to base 14
17d3
2121 (base 6) to base 15
221
4687 (base 12) to base 9
11724
143 (base 12) to base 15
d0
What is -47d6 (base 14) in base 5?
-400121
What is 36534 (base 8) in base 14?
5a20
225 (base 12) to base 11
269
What is 1214 (base 8) in base 15?
2d7
Convert 1333 (base 9) to base 4.
33222
What is -13887 (base 10) in base 15?
-41ac
What is -200 (base 10) in base 16?
-c8
Convert -156536 (base 7) to base 11.
-21441
What is 14165 (base 7) in base 13?
19b8
654 (base 10) to base 9
806
10100000111 (base 2) to base 15
5ac
Convert 404 (base 12) to base 7.
1456
Convert -231 (base 14) to base 16.
-1b3
What is 5676 (base 12) in base 9?
14140
1001011001 (base 2) to base 5
4401
-13120120 (base 4) to base 2
-111011000011000
What is 22210011 (base 3) in base 13?
2bb7
What is 2cb (base 16) in base 2?
1011001011
Convert -1072d (base 16) to base 15.
-14e68
-3132 (base 7) to base 3
-1111210
-18144 (base 9) to base 13
-5908
What is -130001 (base 4) in base 12?
-1055
dad9 (base 15) to base 4
23103321
What is -2d03 (base 14) in base 8?
-17547
Convert -625 (base 8) to base 7.
-1116
40 (base 11) to base 14
32
Convert -10562 (base 8) to base 16.
-1172
Convert -355b (base 15) to base 5.
-330321
11001110101100 (base 2) to base 13
6037
-226 (base 14) to base 11
-358
Convert -ab (base 13) to base 7.
-261
435 (base 7) to base 15
ec
Convert -34130 (base 5) to base 6.
-1510